{"id":2951,"date":"2017-12-12T11:40:02","date_gmt":"2017-12-12T10:40:02","guid":{"rendered":"https:\/\/umeafolketshus.se\/lokaler\/frigg\/"},"modified":"2018-12-04T15:38:14","modified_gmt":"2018-12-04T14:38:14","slug":"frigg","status":"publish","type":"jok-venues","link":"https:\/\/umeafolketshus.se\/en\/venues\/frigg\/","title":{"rendered":"Frigg"},"content":{"rendered":"<p>[et_pb_section fb_built=&#8221;1&#8243; _builder_version=&#8221;3.0.89&#8243;][et_pb_row use_custom_width=&#8221;on&#8221; width_unit=&#8221;off&#8221; custom_width_percent=&#8221;100%&#8221; custom_padding=&#8221;0px||80px|&#8221; _builder_version=&#8221;3.0.100&#8243; background_image=&#8221;https:\/\/umeafolketshus.se\/wp-content\/uploads\/ufh-frigg-40.jpg&#8221;][et_pb_column type=&#8221;2_3&#8243; _builder_version=&#8221;3.0.47&#8243; parallax=&#8221;off&#8221; parallax_method=&#8221;on&#8221;][et_pb_text background_layout=&#8221;dark&#8221; admin_label=&#8221;Sidrubrik&#8221; module_class=&#8221;page-header&#8221; _builder_version=&#8221;3.0.92&#8243; text_font=&#8221;|||on|||||&#8221; header_font=&#8221;|||on|||||&#8221; header_text_align=&#8221;center&#8221; header_font_size=&#8221;43px&#8221; background_color=&#8221;rgba(26,23,27,0.75)&#8221; text_orientation=&#8221;center&#8221; max_width=&#8221;80%&#8221; module_alignment=&#8221;left&#8221; custom_padding=&#8221;20px|20px|20px|20px&#8221;]<\/p>\n<h1>Frigg<\/h1>\n<p>[\/et_pb_text][\/et_pb_column][et_pb_column type=&#8221;1_3&#8243; _builder_version=&#8221;3.0.47&#8243; parallax=&#8221;off&#8221; parallax_method=&#8221;on&#8221;][et_pb_text background_layout=&#8221;dark&#8221; admin_label=&#8221;Inforuta&#8221; _builder_version=&#8221;3.0.92&#8243; background_color=&#8221;rgba(206,127,32,0.75)&#8221; custom_margin=&#8221;|||3vw&#8221; custom_margin_last_edited=&#8221;on|desktop&#8221; custom_padding=&#8221;25px|25px|25px|25px&#8221;]<\/p>\n<h4>Capacity<\/h4>\n<p><strong>Area<\/strong><br \/>\n20 m2<\/p>\n<p><strong>Capacity<\/strong><br \/>\nBlock arrangement: 12 people<\/p>\n<p><strong>Equipment:<\/strong><br \/>\nPens and notepads<br \/>\nWireless internet<br \/>\nDigital screens<br \/>\nAudio monitors from Idun<br \/>\n[\/et_pb_text][\/et_pb_column][\/et_pb_row][\/et_pb_section][et_pb_section fb_built=&#8221;1&#8243; _builder_version=&#8221;3.0.47&#8243;][et_pb_row _builder_version=&#8221;3.0.47&#8243; background_size=&#8221;initial&#8221; background_position=&#8221;top_left&#8221; background_repeat=&#8221;repeat&#8221;][et_pb_column type=&#8221;4_4&#8243; _builder_version=&#8221;3.0.47&#8243; parallax=&#8221;off&#8221; parallax_method=&#8221;on&#8221;][et_pb_text _builder_version=&#8221;3.0.92&#8243; saved_tabs=&#8221;all&#8221;]<\/p>\n<h3 style=\"text-align: center;\"><b>Frigg<\/b><\/h3>\n<p>[\/et_pb_text][et_pb_text _builder_version=&#8221;3.0.92&#8243;]<\/p>\n<p style=\"text-align: center;\">A study room for 12 people sitting around the table. PA speakers from our largest lecture hall Idun are available.<\/p>\n<p>[\/et_pb_text][et_pb_code _builder_version=&#8221;3.0.100&#8243; text_orientation=&#8221;center&#8221;]<div class=\"et_pb_button_module_wrapper et_pb_module\"><a href=\"https:\/\/umeafolketshus.se\/konferens\/boka\/?venue_id=2951\" class=\"venue_booking_button et_pb_button button\">Book venue<\/a><\/div>[\/et_pb_code][et_pb_image src=&#8221;https:\/\/umeafolketshus.se\/wp-content\/uploads\/ufh-frigg-41.jpg&#8221; _builder_version=&#8221;3.0.100&#8243;][\/et_pb_image][\/et_pb_column][\/et_pb_row][\/et_pb_section]<\/p>\n","protected":false},"featured_media":11751,"template":"","meta":{"_et_pb_use_builder":"on","_et_pb_old_content":"","_et_gb_content_width":"","_monsterinsights_skip_tracking":false,"_monsterinsights_sitenote_active":false,"_monsterinsights_sitenote_note":"","_monsterinsights_sitenote_category":0},"class_list":["post-2951","jok-venues","type-jok-venues","status-publish","has-post-thumbnail","hentry"],"yoast_head":"<!-- This site is optimized with the Yoast SEO plugin v26.2 - https:\/\/yoast.com\/wordpress\/plugins\/seo\/ -->\n<title>Lokaler i Ume\u00e5 - Festlokal och konferensrum - Ume\u00e5 Folkets Hus<\/title>\n<meta name=\"description\" content=\"Letar du efter lokaler i Ume\u00e5? Vi p\u00e5 Folkets Hus erbjuder bland annat festlokaler och konferensrum i Ume\u00e5. V\u00e4lkommen att boka din lokal hos oss idag!\" \/>\n<meta name=\"robots\" content=\"index, follow, max-snippet:-1, max-image-preview:large, max-video-preview:-1\" \/>\n<link rel=\"canonical\" href=\"https:\/\/umeafolketshus.se\/en\/venues\/frigg\/\" \/>\n<meta property=\"og:locale\" content=\"en_US\" \/>\n<meta property=\"og:type\" content=\"article\" \/>\n<meta property=\"og:title\" content=\"Lokaler i Ume\u00e5 - Festlokal och konferensrum - Ume\u00e5 Folkets Hus\" \/>\n<meta property=\"og:description\" content=\"Letar du efter lokaler i Ume\u00e5? Vi p\u00e5 Folkets Hus erbjuder bland annat festlokaler och konferensrum i Ume\u00e5. V\u00e4lkommen att boka din lokal hos oss idag!\" \/>\n<meta property=\"og:url\" content=\"https:\/\/umeafolketshus.se\/en\/venues\/frigg\/\" \/>\n<meta property=\"og:site_name\" content=\"Ume\u00e5 Folkets Hus\" \/>\n<meta property=\"article:modified_time\" content=\"2018-12-04T14:38:14+00:00\" \/>\n<meta property=\"og:image\" content=\"https:\/\/umeafolketshus.se\/wp-content\/uploads\/Frigg-1024x683.jpg\" \/>\n\t<meta property=\"og:image:width\" content=\"1024\" \/>\n\t<meta property=\"og:image:height\" content=\"683\" \/>\n\t<meta property=\"og:image:type\" content=\"image\/jpeg\" \/>\n<meta name=\"twitter:card\" content=\"summary_large_image\" \/>\n<meta name=\"twitter:label1\" content=\"Est. reading time\" \/>\n\t<meta name=\"twitter:data1\" content=\"1 minute\" \/>\n<script type=\"application\/ld+json\" class=\"yoast-schema-graph\">{\"@context\":\"https:\/\/schema.org\",\"@graph\":[{\"@type\":\"WebPage\",\"@id\":\"https:\/\/umeafolketshus.se\/en\/venues\/frigg\/\",\"url\":\"https:\/\/umeafolketshus.se\/en\/venues\/frigg\/\",\"name\":\"Lokaler i Ume\u00e5 - Festlokal och konferensrum - Ume\u00e5 Folkets Hus\",\"isPartOf\":{\"@id\":\"https:\/\/umeafolketshus.se\/#website\"},\"primaryImageOfPage\":{\"@id\":\"https:\/\/umeafolketshus.se\/en\/venues\/frigg\/#primaryimage\"},\"image\":{\"@id\":\"https:\/\/umeafolketshus.se\/en\/venues\/frigg\/#primaryimage\"},\"thumbnailUrl\":\"https:\/\/umeafolketshus.se\/wp-content\/uploads\/DSC02907_join-Frigg.jpg\",\"datePublished\":\"2017-12-12T10:40:02+00:00\",\"dateModified\":\"2018-12-04T14:38:14+00:00\",\"description\":\"Letar du efter lokaler i Ume\u00e5? Vi p\u00e5 Folkets Hus erbjuder bland annat festlokaler och konferensrum i Ume\u00e5. V\u00e4lkommen att boka din lokal hos oss idag!\",\"breadcrumb\":{\"@id\":\"https:\/\/umeafolketshus.se\/en\/venues\/frigg\/#breadcrumb\"},\"inLanguage\":\"en-US\",\"potentialAction\":[{\"@type\":\"ReadAction\",\"target\":[\"https:\/\/umeafolketshus.se\/en\/venues\/frigg\/\"]}]},{\"@type\":\"ImageObject\",\"inLanguage\":\"en-US\",\"@id\":\"https:\/\/umeafolketshus.se\/en\/venues\/frigg\/#primaryimage\",\"url\":\"https:\/\/umeafolketshus.se\/wp-content\/uploads\/DSC02907_join-Frigg.jpg\",\"contentUrl\":\"https:\/\/umeafolketshus.se\/wp-content\/uploads\/DSC02907_join-Frigg.jpg\",\"width\":2250,\"height\":1500},{\"@type\":\"BreadcrumbList\",\"@id\":\"https:\/\/umeafolketshus.se\/en\/venues\/frigg\/#breadcrumb\",\"itemListElement\":[{\"@type\":\"ListItem\",\"position\":1,\"name\":\"Hem\",\"item\":\"https:\/\/umeafolketshus.se\/\"},{\"@type\":\"ListItem\",\"position\":2,\"name\":\"Lokaler\",\"item\":\"https:\/\/umeafolketshus.se\/lokaler\/\"},{\"@type\":\"ListItem\",\"position\":3,\"name\":\"Frigg\"}]},{\"@type\":\"WebSite\",\"@id\":\"https:\/\/umeafolketshus.se\/#website\",\"url\":\"https:\/\/umeafolketshus.se\/\",\"name\":\"Ume\u00e5 Folkets Hus\",\"description\":\"Stora eller sm\u00e5. Dina konferenser f\u00e5r plats hos oss.\",\"potentialAction\":[{\"@type\":\"SearchAction\",\"target\":{\"@type\":\"EntryPoint\",\"urlTemplate\":\"https:\/\/umeafolketshus.se\/?s={search_term_string}\"},\"query-input\":{\"@type\":\"PropertyValueSpecification\",\"valueRequired\":true,\"valueName\":\"search_term_string\"}}],\"inLanguage\":\"en-US\"}]}<\/script>\n<!-- \/ Yoast SEO plugin. -->","yoast_head_json":{"title":"Lokaler i Ume\u00e5 - Festlokal och konferensrum - Ume\u00e5 Folkets Hus","description":"Letar du efter lokaler i Ume\u00e5? Vi p\u00e5 Folkets Hus erbjuder bland annat festlokaler och konferensrum i Ume\u00e5. V\u00e4lkommen att boka din lokal hos oss idag!","robots":{"index":"index","follow":"follow","max-snippet":"max-snippet:-1","max-image-preview":"max-image-preview:large","max-video-preview":"max-video-preview:-1"},"canonical":"https:\/\/umeafolketshus.se\/en\/venues\/frigg\/","og_locale":"en_US","og_type":"article","og_title":"Lokaler i Ume\u00e5 - Festlokal och konferensrum - Ume\u00e5 Folkets Hus","og_description":"Letar du efter lokaler i Ume\u00e5? Vi p\u00e5 Folkets Hus erbjuder bland annat festlokaler och konferensrum i Ume\u00e5. V\u00e4lkommen att boka din lokal hos oss idag!","og_url":"https:\/\/umeafolketshus.se\/en\/venues\/frigg\/","og_site_name":"Ume\u00e5 Folkets Hus","article_modified_time":"2018-12-04T14:38:14+00:00","og_image":[{"width":1024,"height":683,"url":"https:\/\/umeafolketshus.se\/wp-content\/uploads\/Frigg-1024x683.jpg","type":"image\/jpeg"}],"twitter_card":"summary_large_image","twitter_misc":{"Est. reading time":"1 minute"},"schema":{"@context":"https:\/\/schema.org","@graph":[{"@type":"WebPage","@id":"https:\/\/umeafolketshus.se\/en\/venues\/frigg\/","url":"https:\/\/umeafolketshus.se\/en\/venues\/frigg\/","name":"Lokaler i Ume\u00e5 - Festlokal och konferensrum - Ume\u00e5 Folkets Hus","isPartOf":{"@id":"https:\/\/umeafolketshus.se\/#website"},"primaryImageOfPage":{"@id":"https:\/\/umeafolketshus.se\/en\/venues\/frigg\/#primaryimage"},"image":{"@id":"https:\/\/umeafolketshus.se\/en\/venues\/frigg\/#primaryimage"},"thumbnailUrl":"https:\/\/umeafolketshus.se\/wp-content\/uploads\/DSC02907_join-Frigg.jpg","datePublished":"2017-12-12T10:40:02+00:00","dateModified":"2018-12-04T14:38:14+00:00","description":"Letar du efter lokaler i Ume\u00e5? Vi p\u00e5 Folkets Hus erbjuder bland annat festlokaler och konferensrum i Ume\u00e5. V\u00e4lkommen att boka din lokal hos oss idag!","breadcrumb":{"@id":"https:\/\/umeafolketshus.se\/en\/venues\/frigg\/#breadcrumb"},"inLanguage":"en-US","potentialAction":[{"@type":"ReadAction","target":["https:\/\/umeafolketshus.se\/en\/venues\/frigg\/"]}]},{"@type":"ImageObject","inLanguage":"en-US","@id":"https:\/\/umeafolketshus.se\/en\/venues\/frigg\/#primaryimage","url":"https:\/\/umeafolketshus.se\/wp-content\/uploads\/DSC02907_join-Frigg.jpg","contentUrl":"https:\/\/umeafolketshus.se\/wp-content\/uploads\/DSC02907_join-Frigg.jpg","width":2250,"height":1500},{"@type":"BreadcrumbList","@id":"https:\/\/umeafolketshus.se\/en\/venues\/frigg\/#breadcrumb","itemListElement":[{"@type":"ListItem","position":1,"name":"Hem","item":"https:\/\/umeafolketshus.se\/"},{"@type":"ListItem","position":2,"name":"Lokaler","item":"https:\/\/umeafolketshus.se\/lokaler\/"},{"@type":"ListItem","position":3,"name":"Frigg"}]},{"@type":"WebSite","@id":"https:\/\/umeafolketshus.se\/#website","url":"https:\/\/umeafolketshus.se\/","name":"Ume\u00e5 Folkets Hus","description":"Stora eller sm\u00e5. Dina konferenser f\u00e5r plats hos oss.","potentialAction":[{"@type":"SearchAction","target":{"@type":"EntryPoint","urlTemplate":"https:\/\/umeafolketshus.se\/?s={search_term_string}"},"query-input":{"@type":"PropertyValueSpecification","valueRequired":true,"valueName":"search_term_string"}}],"inLanguage":"en-US"}]}},"_links":{"self":[{"href":"https:\/\/umeafolketshus.se\/en\/wp-json\/wp\/v2\/venues\/2951","targetHints":{"allow":["GET"]}}],"collection":[{"href":"https:\/\/umeafolketshus.se\/en\/wp-json\/wp\/v2\/venues"}],"about":[{"href":"https:\/\/umeafolketshus.se\/en\/wp-json\/wp\/v2\/types\/jok-venues"}],"wp:featuredmedia":[{"embeddable":true,"href":"https:\/\/umeafolketshus.se\/en\/wp-json\/wp\/v2\/media\/11751"}],"wp:attachment":[{"href":"https:\/\/umeafolketshus.se\/en\/wp-json\/wp\/v2\/media?parent=2951"}],"curies":[{"name":"wp","href":"https:\/\/api.w.org\/{rel}","templated":true}]}}

<!-- This site is optimized with the Yoast SEO plugin v26.2 - https://yoast.com/wordpress/plugins/seo/ -->
<title>Lokaler i Umeå - Festlokal och konferensrum - Umeå Folkets Hus</title>
<meta name="description" content="Letar du efter lokaler i Umeå? Vi på Folkets Hus erbjuder bland annat festlokaler och konferensrum i Umeå. Välkommen att boka din lokal hos oss idag!" />
<meta name="robots" content="index, follow, max-snippet:-1, max-image-preview:large, max-video-preview:-1" />
<link rel="canonical" href="https://umeafolketshus.se/en/venues/frigg/" />
<meta property="og:locale" content="en_US" />
<meta property="og:type" content="article" />
<meta property="og:title" content="Lokaler i Umeå - Festlokal och konferensrum - Umeå Folkets Hus" />
<meta property="og:description" content="Letar du efter lokaler i Umeå? Vi på Folkets Hus erbjuder bland annat festlokaler och konferensrum i Umeå. Välkommen att boka din lokal hos oss idag!" />
<meta property="og:url" content="https://umeafolketshus.se/en/venues/frigg/" />
<meta property="og:site_name" content="Umeå Folkets Hus" />
<meta property="article:modified_time" content="2018-12-04T14:38:14+00:00" />
<meta property="og:image" content="https://umeafolketshus.se/wp-content/uploads/Frigg-1024x683.jpg" />
	<meta property="og:image:width" content="1024" />
	<meta property="og:image:height" content="683" />
	<meta property="og:image:type" content="image/jpeg" />
<meta name="twitter:card" content="summary_large_image" />
<meta name="twitter:label1" content="Est. reading time" />
	<meta name="twitter:data1" content="1 minute" />
<script type="application/ld+json" class="yoast-schema-graph">{"@context":"https://schema.org","@graph":[{"@type":"WebPage","@id":"https://umeafolketshus.se/en/venues/frigg/","url":"https://umeafolketshus.se/en/venues/frigg/","name":"Lokaler i Umeå - Festlokal och konferensrum - Umeå Folkets Hus","isPartOf":{"@id":"https://umeafolketshus.se/#website"},"primaryImageOfPage":{"@id":"https://umeafolketshus.se/en/venues/frigg/#primaryimage"},"image":{"@id":"https://umeafolketshus.se/en/venues/frigg/#primaryimage"},"thumbnailUrl":"https://umeafolketshus.se/wp-content/uploads/DSC02907_join-Frigg.jpg","datePublished":"2017-12-12T10:40:02+00:00","dateModified":"2018-12-04T14:38:14+00:00","description":"Letar du efter lokaler i Umeå? Vi på Folkets Hus erbjuder bland annat festlokaler och konferensrum i Umeå. Välkommen att boka din lokal hos oss idag!","breadcrumb":{"@id":"https://umeafolketshus.se/en/venues/frigg/#breadcrumb"},"inLanguage":"en-US","potentialAction":[{"@type":"ReadAction","target":["https://umeafolketshus.se/en/venues/frigg/"]}]},{"@type":"ImageObject","inLanguage":"en-US","@id":"https://umeafolketshus.se/en/venues/frigg/#primaryimage","url":"https://umeafolketshus.se/wp-content/uploads/DSC02907_join-Frigg.jpg","contentUrl":"https://umeafolketshus.se/wp-content/uploads/DSC02907_join-Frigg.jpg","width":2250,"height":1500},{"@type":"BreadcrumbList","@id":"https://umeafolketshus.se/en/venues/frigg/#breadcrumb","itemListElement":[{"@type":"ListItem","position":1,"name":"Hem","item":"https://umeafolketshus.se/"},{"@type":"ListItem","position":2,"name":"Lokaler","item":"https://umeafolketshus.se/lokaler/"},{"@type":"ListItem","position":3,"name":"Frigg"}]},{"@type":"WebSite","@id":"https://umeafolketshus.se/#website","url":"https://umeafolketshus.se/","name":"Umeå Folkets Hus","description":"Stora eller små. Dina konferenser får plats hos oss.","potentialAction":[{"@type":"SearchAction","target":{"@type":"EntryPoint","urlTemplate":"https://umeafolketshus.se/?s={search_term_string}"},"query-input":{"@type":"PropertyValueSpecification","valueRequired":true,"valueName":"search_term_string"}}],"inLanguage":"en-US"}]}</script>
<!-- / Yoast SEO plugin. -->

Lokaler i Umeå - Festlokal och konferensrum - Umeå Folkets Hus

Letar du efter lokaler i Umeå? Vi på Folkets Hus erbjuder bland annat festlokaler och konferensrum i Umeå. Välkommen att boka din lokal hos oss idag!

Umeå Folkets Hus

Stora eller små. Dina konferenser får plats hos oss.
