{"id":13992,"date":"2023-12-04T12:44:16","date_gmt":"2023-12-04T11:44:16","guid":{"rendered":"https:\/\/umeafolketshus.se\/wp-content\/uploads\/3-1.jpg"},"modified":"2024-06-20T16:13:07","modified_gmt":"2024-06-20T14:13:07","slug":"3-2-2","status":"inherit","type":"attachment","link":"https:\/\/umeafolketshus.se\/en\/3-2-2\/","title":{"rendered":"3"},"author":3,"featured_media":0,"comment_status":"closed","ping_status":"closed","template":"","meta":{"_et_pb_use_builder":"","_et_pb_old_content":"","_et_gb_content_width":"","_monsterinsights_skip_tracking":false,"_monsterinsights_sitenote_active":false,"_monsterinsights_sitenote_note":"","_monsterinsights_sitenote_category":0},"class_list":["post-13992","attachment","type-attachment","status-inherit","hentry"],"yoast_head":"<!-- This site is optimized with the Yoast SEO plugin v26.2 - https:\/\/yoast.com\/wordpress\/plugins\/seo\/ -->\n<title>3 - Ume\u00e5 Folkets Hus<\/title>\n<meta name=\"robots\" content=\"index, follow, max-snippet:-1, max-image-preview:large, max-video-preview:-1\" \/>\n<link rel=\"canonical\" href=\"https:\/\/umeafolketshus.se\/wp-content\/uploads\/3-1.jpg\" \/>\n<meta property=\"og:locale\" content=\"en_US\" \/>\n<meta property=\"og:type\" content=\"article\" \/>\n<meta property=\"og:title\" content=\"3 - Ume\u00e5 Folkets Hus\" \/>\n<meta property=\"og:url\" content=\"https:\/\/umeafolketshus.se\/wp-content\/uploads\/3-1.jpg\" \/>\n<meta property=\"og:site_name\" content=\"Ume\u00e5 Folkets Hus\" \/>\n<meta property=\"article:modified_time\" content=\"2024-06-20T14:13:07+00:00\" \/>\n<meta property=\"og:image\" content=\"https:\/\/umeafolketshus.se\/wp-content\/uploads\/3-1.jpg\" \/>\n\t<meta property=\"og:image:width\" content=\"394\" \/>\n\t<meta property=\"og:image:height\" content=\"525\" \/>\n\t<meta property=\"og:image:type\" content=\"image\/jpeg\" \/>\n<meta name=\"twitter:card\" content=\"summary_large_image\" \/>\n<script type=\"application\/ld+json\" class=\"yoast-schema-graph\">{\"@context\":\"https:\/\/schema.org\",\"@graph\":[{\"@type\":\"WebPage\",\"@id\":\"https:\/\/umeafolketshus.se\/wp-content\/uploads\/3-1.jpg\",\"url\":\"https:\/\/umeafolketshus.se\/wp-content\/uploads\/3-1.jpg\",\"name\":\"3 - Ume\u00e5 Folkets Hus\",\"isPartOf\":{\"@id\":\"https:\/\/umeafolketshus.se\/#website\"},\"datePublished\":\"2023-12-04T11:44:16+00:00\",\"dateModified\":\"2024-06-20T14:13:07+00:00\",\"breadcrumb\":{\"@id\":\"https:\/\/umeafolketshus.se\/wp-content\/uploads\/3-1.jpg#breadcrumb\"},\"inLanguage\":\"en-US\",\"potentialAction\":[{\"@type\":\"ReadAction\",\"target\":[\"https:\/\/umeafolketshus.se\/wp-content\/uploads\/3-1.jpg\"]}]},{\"@type\":\"BreadcrumbList\",\"@id\":\"https:\/\/umeafolketshus.se\/wp-content\/uploads\/3-1.jpg#breadcrumb\",\"itemListElement\":[{\"@type\":\"ListItem\",\"position\":1,\"name\":\"Hem\",\"item\":\"https:\/\/umeafolketshus.se\/\"},{\"@type\":\"ListItem\",\"position\":2,\"name\":\"3\"}]},{\"@type\":\"WebSite\",\"@id\":\"https:\/\/umeafolketshus.se\/#website\",\"url\":\"https:\/\/umeafolketshus.se\/\",\"name\":\"Ume\u00e5 Folkets Hus\",\"description\":\"Stora eller sm\u00e5. Dina konferenser f\u00e5r plats hos oss.\",\"potentialAction\":[{\"@type\":\"SearchAction\",\"target\":{\"@type\":\"EntryPoint\",\"urlTemplate\":\"https:\/\/umeafolketshus.se\/?s={search_term_string}\"},\"query-input\":{\"@type\":\"PropertyValueSpecification\",\"valueRequired\":true,\"valueName\":\"search_term_string\"}}],\"inLanguage\":\"en-US\"}]}<\/script>\n<!-- \/ Yoast SEO plugin. -->","yoast_head_json":{"title":"3 - Ume\u00e5 Folkets Hus","robots":{"index":"index","follow":"follow","max-snippet":"max-snippet:-1","max-image-preview":"max-image-preview:large","max-video-preview":"max-video-preview:-1"},"canonical":"https:\/\/umeafolketshus.se\/wp-content\/uploads\/3-1.jpg","og_locale":"en_US","og_type":"article","og_title":"3 - Ume\u00e5 Folkets Hus","og_url":"https:\/\/umeafolketshus.se\/wp-content\/uploads\/3-1.jpg","og_site_name":"Ume\u00e5 Folkets Hus","article_modified_time":"2024-06-20T14:13:07+00:00","og_image":[{"width":394,"height":525,"url":"https:\/\/umeafolketshus.se\/wp-content\/uploads\/3-1.jpg","type":"image\/jpeg"}],"twitter_card":"summary_large_image","schema":{"@context":"https:\/\/schema.org","@graph":[{"@type":"WebPage","@id":"https:\/\/umeafolketshus.se\/wp-content\/uploads\/3-1.jpg","url":"https:\/\/umeafolketshus.se\/wp-content\/uploads\/3-1.jpg","name":"3 - Ume\u00e5 Folkets Hus","isPartOf":{"@id":"https:\/\/umeafolketshus.se\/#website"},"datePublished":"2023-12-04T11:44:16+00:00","dateModified":"2024-06-20T14:13:07+00:00","breadcrumb":{"@id":"https:\/\/umeafolketshus.se\/wp-content\/uploads\/3-1.jpg#breadcrumb"},"inLanguage":"en-US","potentialAction":[{"@type":"ReadAction","target":["https:\/\/umeafolketshus.se\/wp-content\/uploads\/3-1.jpg"]}]},{"@type":"BreadcrumbList","@id":"https:\/\/umeafolketshus.se\/wp-content\/uploads\/3-1.jpg#breadcrumb","itemListElement":[{"@type":"ListItem","position":1,"name":"Hem","item":"https:\/\/umeafolketshus.se\/"},{"@type":"ListItem","position":2,"name":"3"}]},{"@type":"WebSite","@id":"https:\/\/umeafolketshus.se\/#website","url":"https:\/\/umeafolketshus.se\/","name":"Ume\u00e5 Folkets Hus","description":"Stora eller sm\u00e5. Dina konferenser f\u00e5r plats hos oss.","potentialAction":[{"@type":"SearchAction","target":{"@type":"EntryPoint","urlTemplate":"https:\/\/umeafolketshus.se\/?s={search_term_string}"},"query-input":{"@type":"PropertyValueSpecification","valueRequired":true,"valueName":"search_term_string"}}],"inLanguage":"en-US"}]}},"description":{"rendered":"<p class=\"attachment\"><a href='https:\/\/umeafolketshus.se\/wp-content\/uploads\/3-1.jpg'><img loading=\"lazy\" decoding=\"async\" width=\"225\" height=\"300\" src=\"https:\/\/umeafolketshus.se\/wp-content\/uploads\/3-1-225x300.jpg\" class=\"attachment-medium size-medium\" alt=\"Provning av \u00f6l p\u00e5 Ume\u00e5 Folkets Hus.\" srcset=\"https:\/\/umeafolketshus.se\/wp-content\/uploads\/3-1-225x300.jpg 225w, https:\/\/umeafolketshus.se\/wp-content\/uploads\/3-1.jpg 394w\" sizes=\"(max-width: 225px) 100vw, 225px\" \/><\/a><\/p>\n"},"caption":{"rendered":""},"alt_text":"Provning av \u00f6l p\u00e5 Ume\u00e5 Folkets Hus.","media_type":"image","mime_type":"image\/jpeg","media_details":{"width":394,"height":525,"file":"3-1.jpg","filesize":200097,"sizes":{"medium":{"file":"3-1-225x300.jpg","width":225,"height":300,"filesize":14746,"mime_type":"image\/jpeg","source_url":"https:\/\/umeafolketshus.se\/wp-content\/uploads\/3-1-225x300.jpg"},"thumbnail":{"file":"3-1-150x150.jpg","width":150,"height":150,"filesize":6453,"mime_type":"image\/jpeg","source_url":"https:\/\/umeafolketshus.se\/wp-content\/uploads\/3-1-150x150.jpg"},"jok-ref":{"file":"3-1-394x400.jpg","width":394,"height":400,"filesize":31501,"mime_type":"image\/jpeg","source_url":"https:\/\/umeafolketshus.se\/wp-content\/uploads\/3-1-394x400.jpg"},"et-pb-post-main-image":{"file":"3-1-394x250.jpg","width":394,"height":250,"filesize":21367,"mime_type":"image\/jpeg","source_url":"https:\/\/umeafolketshus.se\/wp-content\/uploads\/3-1-394x250.jpg"},"et-pb-portfolio-image":{"file":"3-1-394x284.jpg","width":394,"height":284,"filesize":23850,"mime_type":"image\/jpeg","source_url":"https:\/\/umeafolketshus.se\/wp-content\/uploads\/3-1-394x284.jpg"},"et-pb-portfolio-module-image":{"file":"3-1-394x382.jpg","width":394,"height":382,"filesize":30283,"mime_type":"image\/jpeg","source_url":"https:\/\/umeafolketshus.se\/wp-content\/uploads\/3-1-394x382.jpg"},"et-pb-gallery-module-image-portrait":{"file":"3-1-394x516.jpg","width":394,"height":516,"filesize":38320,"mime_type":"image\/jpeg","source_url":"https:\/\/umeafolketshus.se\/wp-content\/uploads\/3-1-394x516.jpg"},"full":{"file":"3-1.jpg","width":394,"height":525,"mime_type":"image\/jpeg","source_url":"https:\/\/umeafolketshus.se\/wp-content\/uploads\/3-1.jpg"}},"image_meta":{"aperture":"1.8","credit":"","camera":"SM-G781B","caption":"","created_timestamp":"1692863831","copyright":"","focal_length":"5.4","iso":"400","shutter_speed":"0.02","title":"","orientation":"1","keywords":[]}},"post":null,"source_url":"https:\/\/umeafolketshus.se\/wp-content\/uploads\/3-1.jpg","_links":{"self":[{"href":"https:\/\/umeafolketshus.se\/en\/wp-json\/wp\/v2\/media\/13992","targetHints":{"allow":["GET"]}}],"collection":[{"href":"https:\/\/umeafolketshus.se\/en\/wp-json\/wp\/v2\/media"}],"about":[{"href":"https:\/\/umeafolketshus.se\/en\/wp-json\/wp\/v2\/types\/attachment"}],"author":[{"embeddable":true,"href":"https:\/\/umeafolketshus.se\/en\/wp-json\/wp\/v2\/users\/3"}],"replies":[{"embeddable":true,"href":"https:\/\/umeafolketshus.se\/en\/wp-json\/wp\/v2\/comments?post=13992"}]}}

<!-- This site is optimized with the Yoast SEO plugin v26.2 - https://yoast.com/wordpress/plugins/seo/ -->
<title>3 - Umeå Folkets Hus</title>
<meta name="robots" content="index, follow, max-snippet:-1, max-image-preview:large, max-video-preview:-1" />
<link rel="canonical" href="https://umeafolketshus.se/wp-content/uploads/3-1.jpg" />
<meta property="og:locale" content="en_US" />
<meta property="og:type" content="article" />
<meta property="og:title" content="3 - Umeå Folkets Hus" />
<meta property="og:url" content="https://umeafolketshus.se/wp-content/uploads/3-1.jpg" />
<meta property="og:site_name" content="Umeå Folkets Hus" />
<meta property="article:modified_time" content="2024-06-20T14:13:07+00:00" />
<meta property="og:image" content="https://umeafolketshus.se/wp-content/uploads/3-1.jpg" />
	<meta property="og:image:width" content="394" />
	<meta property="og:image:height" content="525" />
	<meta property="og:image:type" content="image/jpeg" />
<meta name="twitter:card" content="summary_large_image" />
<script type="application/ld+json" class="yoast-schema-graph">{"@context":"https://schema.org","@graph":[{"@type":"WebPage","@id":"https://umeafolketshus.se/wp-content/uploads/3-1.jpg","url":"https://umeafolketshus.se/wp-content/uploads/3-1.jpg","name":"3 - Umeå Folkets Hus","isPartOf":{"@id":"https://umeafolketshus.se/#website"},"datePublished":"2023-12-04T11:44:16+00:00","dateModified":"2024-06-20T14:13:07+00:00","breadcrumb":{"@id":"https://umeafolketshus.se/wp-content/uploads/3-1.jpg#breadcrumb"},"inLanguage":"en-US","potentialAction":[{"@type":"ReadAction","target":["https://umeafolketshus.se/wp-content/uploads/3-1.jpg"]}]},{"@type":"BreadcrumbList","@id":"https://umeafolketshus.se/wp-content/uploads/3-1.jpg#breadcrumb","itemListElement":[{"@type":"ListItem","position":1,"name":"Hem","item":"https://umeafolketshus.se/"},{"@type":"ListItem","position":2,"name":"3"}]},{"@type":"WebSite","@id":"https://umeafolketshus.se/#website","url":"https://umeafolketshus.se/","name":"Umeå Folkets Hus","description":"Stora eller små. Dina konferenser får plats hos oss.","potentialAction":[{"@type":"SearchAction","target":{"@type":"EntryPoint","urlTemplate":"https://umeafolketshus.se/?s={search_term_string}"},"query-input":{"@type":"PropertyValueSpecification","valueRequired":true,"valueName":"search_term_string"}}],"inLanguage":"en-US"}]}</script>
<!-- / Yoast SEO plugin. -->

3 - Umeå Folkets Hus

Umeå Folkets Hus

Stora eller små. Dina konferenser får plats hos oss.

<p class="attachment"><a href='https://umeafolketshus.se/wp-content/uploads/3-1.jpg'><img loading="lazy" decoding="async" width="225" height="300" src="https://umeafolketshus.se/wp-content/uploads/3-1-225x300.jpg" class="attachment-medium size-medium" alt="Provning av öl på Umeå Folkets Hus." srcset="https://umeafolketshus.se/wp-content/uploads/3-1-225x300.jpg 225w, https://umeafolketshus.se/wp-content/uploads/3-1.jpg 394w" sizes="(max-width: 225px) 100vw, 225px" /></a></p>

Provning av öl på Umeå Folkets Hus.
